culate the remainder when 324 is divided by 191.
133
What is the remainder when 1153 is divided by 33?
31
What is the remainder when 215 is divided by 69?
8
Calculate the remainder when 45 is divided by 31.
14
What is the remainder when 286 is divided by 94?
4
What is the remainder when 1510 is divided by 21?
19
What is the remainder when 172 is divided by 30?
22
Calculate the remainder when 4309 is divided by 72.
61
What is the remainder when 79 is divided by 28?
23
What is the remainder when 44589 is divided by 98?
97
What is the remainder when 323 is divided by 9?
8
Calculate the remainder when 42 is divided by 27.
15
What is the remainder when 2028 is divided by 226?
220
Calculate the remainder when 464 is divided by 56.
16
Calculate the remainder when 131 is divided by 17.
12
What is the remainder when 719 is divided by 40?
39
What is the remainder when 151 is divided by 8?
7
Calculate the remainder when 342 is divided by 15.
12
Calculate the remainder when 420 is divided by 25.
20
Calculate the remainder when 415 is divided by 103.
3
Calculate the remainder when 283 is divided by 48.
43
Calculate the remainder when 235 is divided by 57.
7
Calculate the remainder when 1803 is divided by 43.
40
Calculate the remainder when 962 is divided by 90.
62
What is the remainder when 791 is divided by 4?
3
Calculate the remainder when 2992 is divided by 1489.
14
What is the remainder when 3445 is divided by 288?
277
Calculate the remainder when 139 is divided by 118.
21
What is the remainder when 984 is divided by 98?
4
What is the remainder when 1745 is divided by 125?
120
What is the remainder when 48 is divided by 40?
8
What is the remainder when 63 is divided by 8?
7
Calculate the remainder when 25 is divided by 9.
7
Calculate the remainder when 1798 is divided by 11.
5
Calculate the remainder when 164 is divided by 64.
36
What is the remainder when 492 is divided by 17?
16
What is the remainder when 677 is divided by 85?
82
What is the remainder when 68 is divided by 47?
21
Calculate the remainder when 59 is divided by 48.
11
Calculate the remainder when 879 is divided by 147.
144
What is the remainder when 826 is divided by 83?
79
Calculate the remainder when 145 is divided by 122.
23
Calculate the remainder when 6581 is divided by 347.
335
What is the remainder when 231 is divided by 23?
1
Calculate the remainder when 172 is divided by 2.
0
Calculate the remainder when 153 is divided by 90.
63
What is the remainder when 125 is divided by 50?
25
What is the remainder when 85903 is divided by 115?
113
What is the remainder when 71 is divided by 32?
7
Calculate the remainder when 299 is divided by 161.
138
What is the remainder when 164 is divided by 56?
52
What is the remainder when 417 is divided by 126?
39
Calculate the remainder when 298 is divided by 44.
34
Calculate the remainder when 1282 is divided by 12.
10
What is the remainder when 68 is divided by 55?
13
What is the remainder when 344 is divided by 139?
66
What is the remainder when 524 is divided by 87?
2
What is the remainder when 99 is divided by 40?
19
Calculate the remainder when 340 is divided by 336.
4
Calculate the remainder when 147 is divided by 23.
9
What is the remainder when 271 is divided by 248?
23
What is the remainder when 97 is divided by 9?
7
What is the remainder when 209 is divided by 15?
14
What is the remainder when 606 is divided by 52?
34
What is the remainder when 1471 is divided by 16?
15
What is the remainder when 100 is divided by 40?
20
What is the remainder when 2534 is divided by 55?
4
Calculate the remainder when 76 is divided by 6.
4
What is the remainder when 148 is divided by 13?
5
Calculate the remainder when 187 is divided by 93.
1
Calculate the remainder when 1539 is divided by 35.
34
Calculate the remainder when 33983 is divided by 64.
63
Calculate the remainder when 18430 is divided by 128.
126
What is the remainder when 91 is divided by 19?
15
Calculate the remainder when 627 is divided by 10.
7
What is the remainder when 859 is divided by 81?
49
What is the remainder when 487 is divided by 72?
55
Calculate the remainder when 20227 is divided by 14.
11
What is the remainder when 1778 is divided by 198?
194
What is the remainder when 33 is divided by 5?
3
Calculate the remainder when 112 is divided by 17.
10
What is the remainder when 8622 is divided by 115?
112
What is the remainder when 22827 is divided by 52?
51
What is the remainder when 159 is divided by 76?
7
Calculate the remainder when 454 is divided by 22.
14
Calculate the remainder when 3402 is divided by 41.
40
What is the remainder when 1972 is divided by 124?
112
Calculate the remainder when 305 is divided by 27.
8
What is the remainder when 1082 is divided by 467?
148
What is the remainder when 843 is divided by 213?
204
Calculate the remainder when 63 is divided by 19.
6
What is the remainder when 568 is divided by 114?
112
What is the remainder when 598 is divided by 122?
110
What is the remainder when 5379 is divided by 1784?
27
Calculate the remainder when 1401 is divided by 26.
23
What is the remainder when 453 is divided by 8?
5
What is the remainder when 191 is divided by 22?
15
What is the remainder when 1278 is divided by 7?
4
Calculate the remainder when 1823 is divided by 208.
159
What is the remainder when 5166 is divided by 152?
150
What is the remainder when 162 is divided by 36?
18
What is the remainder when 1164 is divided by 55?
9
Calculate the remainder when 1605 is divided by 115.
110
Calculate the remainder when 714 is divided by 11.
10
What is the remainder when 275 is divided by 28?
23
Calculate the remainder when 140 is divided by 139.
1
What is the remainder when 447 is divided by 41?
37
Calculate the remainder when 548 is divided by 128.
36
Calculate the remainder when 1273 is divided by 166.
111
Calculate the remainder when 765 is divided by 16.
13
Calculate the remainder when 2652 is divided by 440.
12
What is the remainder when 1607 is divided by 400?
7
What is the remainder when 218 is divided by 91?
36
Calculate the remainder when 246 is divided by 30.
6
Calculate the remainder when 3318 is divided by 81.
78
Calculate the remainder when 6223 is divided by 83.
81
What is the remainder when 106 is divided by 9?
7
What is the remainder when 865 is divided by 277?
34
What is the remainder when 98 is divided by 47?
4
Calculate the remainder when 126 is divided by 120.
6
What is the remainder when 102 is divided by 27?
21
Calculate the remainder when 1900 is divided by 227.
84
What is the remainder when 15272 is divided by 25?
22
What is the remainder when 97 is divided by 51?
46
What is the remainder when 306 is divided by 22?
20
What is the remainder when 1694 is divided by 53?
51
What is the remainder when 76 is divided by 7?
6
Calculate the remainder when 59 is divided by 23.
13
Calculate the remainder when 273 is divided by 51.
18
Calculate the remainder when 920 is divided by 356.
208
Calculate the remainder when 45 is divided by 24.
21
What is the remainder when 131 is divided by 17?
12
Calculate the remainder when 293 is divided by 76.
65
What is the remainder when 646 is divided by 629?
17
Calculate the remainder when 113 is divided by 93.
20
What is the remainder when 89 is divided by 8?
1
Calculate the remainder when 4126 is divided by 37.
19
What is the remainder when 214 is divided by 32?
22
What is the remainder when 3387 is divided by 308?
307
Calculate the remainder when 20 is divided by 9.
2
What is the remainder when 1613 is divided by 401?
9
Calculate the remainder when 125 is divided by 16.
13
What is the remainder when 1160 is divided by 237?
212
Calculate the remainder when 774 is divided by 382.
10
Calculate the remainder when 1338 is divided by 335.
333
What is the remainder when 791 is divided by 121?
65
Calculate the remainder when 2839 is divided by 40.
39
What is the remainder when 1380 is divided by 82?
68
Calculate the remainder when 6847 is divided by 64.
63
Calculate the remainder when 579 is divided by 28.
19
What is the remainder when 285 is divided by 76?
57
Calculate the remainder when 1200 is divided by 38.
22
What is the remainder when 357 is divided by 197?
160
Calculate the remainder when 963 is divided by 57.
5